its digit of 5846701?
1
What is the ten millions digit of 148008847?
4
What is the hundred millions digit of 397633246?
3
What is the hundred millions digit of 498684043?
4
What is the ten millions digit of 373719588?
7
What is the units digit of 1794641009?
9
What is the hundred thousands digit of 3066209667?
2
What is the hundreds digit of 37878637?
6
What is the thousands digit of 938531400?
1
What is the ten millions digit of 81003820?
8
What is the tens digit of 481989644?
4
What is the ten millions digit of 772214064?
7
What is the ten millions digit of 25528279?
2
What is the hundred thousands digit of 1214647541?
6
What is the hundred thousands digit of 564976636?
9
What is the ten millions digit of 178636635?
7
What is the units digit of 2824482510?
0
What is the hundreds digit of 10293420?
4
What is the thousands digit of 36126080?
6
What is the tens digit of 5550973?
7
What is the ten thousands digit of 2577879699?
7
What is the ten millions digit of 299121301?
9
What is the millions digit of 1703763422?
3
What is the millions digit of 84184584?
4
What is the ten millions digit of 5012642005?
1
What is the millions digit of 1786270733?
6
What is the hundred thousands digit of 46689253?
6
What is the hundreds digit of 141450048?
0
What is the millions digit of 1311741462?
1
What is the tens digit of 159901094?
9
What is the ten millions digit of 174794750?
7
What is the hundred thousands digit of 49393801?
3
What is the hundreds digit of 738791337?
3
What is the hundred millions digit of 918713001?
9
What is the units digit of 163717215?
5
What is the hundreds digit of 1307805915?
9
What is the units digit of 3840154658?
8
What is the hundred thousands digit of 582346266?
3
What is the millions digit of 173796884?
3
What is the tens digit of 422409616?
1
What is the tens digit of 33751577?
7
What is the units digit of 665967313?
3
What is the ten thousands digit of 308211135?
1
What is the hundred thousands digit of 15217355?
2
What is the ten thousands digit of 141674335?
7
What is the tens digit of 237353765?
6
What is the ten millions digit of 46891590?
4
What is the millions digit of 866622111?
6
What is the units digit of 6751931992?
2
What is the tens digit of 540247866?
6
What is the hundreds digit of 1773636811?
8
What is the tens digit of 79812484?
8
What is the thousands digit of 380059277?
9
What is the ten thousands digit of 356358023?
5
What is the millions digit of 19204501?
9
What is the hundreds digit of 1257312312?
3
What is the units digit of 25204567?
7
What is the thousands digit of 337134574?
4
What is the hundreds digit of 194877251?
2
What is the ten thousands digit of 57119069?
1
What is the thousands digit of 769776627?
6
What is the hundreds digit of 19804992?
9
What is the ten thousands digit of 261006642?
0
What is the units digit of 117565052?
2
What is the tens digit of 165963536?
3
What is the hundred millions digit of 1253060028?
2
What is the hundred millions digit of 417735968?
4
What is the ten thousands digit of 343435351?
3
What is the hundred thousands digit of 39143011?
1
What is the thousands digit of 79020772?
0
What is the ten millions digit of 3440774901?
4
What is the hundred millions digit of 526650664?
5
What is the hundred thousands digit of 161662296?
6
What is the thousands digit of 821381384?
1
What is the hundred millions digit of 1178160020?
1
What is the millions digit of 166329787?
6
What is the ten millions digit of 72348408?
7
What is the ten millions digit of 1876406157?
7
What is the hundred thousands digit of 38313944?
3
What is the thousands digit of 2041513?
1
What is the ten millions digit of 4492630629?
9
What is the ten thousands digit of 208275106?
7
What is the hundred thousands digit of 2499527711?
5
What is the ten millions digit of 83365001?
8
What is the hundred millions digit of 2030468157?
0
What is the units digit of 40486704?
4
What is the hundreds digit of 17710839?
8
What is the ten thousands digit of 191052710?
5
What is the thousands digit of 27300402?
0
What is the thousands digit of 2642011447?
1
What is the ten millions digit of 232899946?
3
What is the ten thousands digit of 27396607?
9
What is the units digit of 2272492569?
9
What is the ten thousands digit of 133071171?
7
What is the ten millions digit of 29924959?
2
What is the ten thousands digit of 1565282495?
8
What is the tens digit of 913459385?
8
What is the ten thousands digit of 202238665?
3
What is the hundreds digit of 1213163669?
6
What is the units digit of 35449855?
5
What is the ten millions digit of 209893260?
0
What is the ten thousands digit of 23755344?
5
What is the ten thousands digit of 242524736?
2
What is the tens digit of 383912587?
8
What is the units digit of 1849752150?
0
What is the thousands digit of 1217605441?
5
What is the millions digit of 2629292326?
9
What is the tens digit of 37619308?
0
What is the tens digit of 166731473?
7
What is the hundred millions digit of 179631458?
1
What is the billions digit of 1034093003?
1
What is the tens digit of 3726020522?
2
What is the millions digit of 357033464?
7
What is the thousands digit of 63403879?
3
What is the hundred thousands digit of 66581939?
5
What is the hundred millions digit of 146110930?
1
What is the tens digit of 1554497626?
2
What is the hundreds digit of 34172821?
8
What is the ten millions digit of 2136239289?
3
What is the hundreds digit of 79952702?
7
What is the ten thousands digit of 3759651759?
5
What is the hundred millions digit of 119017727?
1
What is the ten thousands digit of 180338785?
3
What is the units digit of 458463607?
7
What is the tens digit of 2316258462?
6
What is the tens digit of 30684792?
9
What is the units digit of 969990644?
4
What is the hundreds digit of 11146096?
0
What is the thousands digit of 2478290659?
0
What is the ten millions digit of 399192407?
9
What is the millions digit of 492865161?
2
What is the ten thousands digit of 2901689730?
8
What is the units digit of 2721201451?
1
What is the millions digit of 43066124?
3
What is the units digit of 404032576?
6
What is the hundred thousands digit of 205102057?
1
What is the thousands digit of 61827278?
7
What is the billions digit of 2891219858?
2
What is the millions digit of 1464260580?
4
What is the hundreds digit of 49659772?
7
What is the hundred thousands digit of 79084888?
0
What is the hundred millions digit of 278004570?
2
What is the units digit of 12980464?
4
What is the hundreds digit of 23844507?
5
What is the thousands digit of 743725006?
5
What is the hundred thousands digit of 101174297?
1
What is the hundred thousands digit of 121807606?
8
What is the tens digit of 325277592?
9
What is the ten millions digit of 137848946?
3
What is the ten thousands digit of 665349056?
4
What is the ten millions digit of 117811426?
1
What is the thousands digit of 606423?
6
What is the hundreds digit of 6154609676?
6
What is the hundreds digit of 55860419?
4
What is the tens digit of 58859675?
7
What is the hundreds digit of 1729746606?
6
What is the millions digit of 10374315?
0
What is the thousands digit of 1873121796?
1
What is the hundreds digit of 3557433?
4
What is the units digit of 157578132?
2
What is the ten thousands digit of 1567187571?
8
What is the thousands digit of 56643384?
3
What is the tens digit of 937779220?
2
What is the hundred thousands digit of 303975489?
9
What is the ten millions digit of 49596744?
4
What is the hundreds digit of 50684735?
7
What is the ten thousands digit of 348070999?
7
What is the tens digit of 2291547980?
8
What is the ten thousands digit of 1344017498?
1
What is the units digit of 444577765?
5
What is the thousands digit of 1918925783?
5
What is the units digit of 114072764?
4
What is the units digit of 153972802?
2
What is the millions digit of 798581306?
8
What is the units digit of 1395046055?
5
What is the tens digit of 561869764?
6
What is the ten millions digit of 12784217?
1
What is the ten thousands digit of 26840035?
4
What is the millions digit of 413164271?
3
What is the hundred thousands digit of 862507654?
5
What is the millions digit of 753776373?
3
What is the hundred thousands digit of 869539543?
5
What is the hundred thousands digit of 501510?
5
What i